
Let y(w) = -5*w - 25. Let x be y(-5). Let b(g) be the third derivative of x*g + 0 + 0*g**4 + 5/6*g**3 + 2*g**2 + 1/60*g**5. Give b(0).
5
Let v be (3/9)/(1/12). Let b(o) = 0*o + o**2 - 10 + o - o**3 - 5*o**2 + v. Calculate b(-5).
14
Suppose 0 = u - 0 + 3. Let h(j) = 4*j**3 - 8*j**2 - j - 3. Let x(t) = -t**3 + t**2 + 1. Let c(d) = h(d) + 5*x(d). Give c(u).
5
Let c be 0/(4 - 3 - -2). Let f(j) be the third derivative of c*j + 0 - 1/2*j**3 + j**2 + 5/24*j**4 - 1/60*j**5. Give f(4).
1
Suppose -20 = 5*c + 4*d - 0*d, 0 = -3*c - 3*d - 15. Let t(y) = y + 0 + 7 + 5 + c. Determine t(0).
12
Let h(w) = 2*w**3 + 8*w**2 + 7*w - 9. Let n(f) = -5*f**3 + 2*f**3 - 9*f**2 - 3*f**2 + 2*f + 13 - 12*f. Let a = 8 + -3. Let y(i) = a*n(i) + 7*h(i). Give y(-3).
-4
Let g(z) be the third derivative of z**5/60 + z**4/3 + 5*z**3/6 + z**2. What is g(-7)?
-2
Let a = 9 - 7. Let s(i) = -i**2 + i + 2*i**2 + 0*i**2 - a - 2*i. Suppose -2*h + 4 = 8. What is s(h)?
4
Let b(f) = -5*f - 2*f + 4*f + 2*f. Let z be (-14)/(-4) - 3/6. Suppose -3*a = 3 + z. Calculate b(a).
2
Let w(m) = m**3 - 4*m**2 + 3. Let q = -4 + 4. Suppose q = -3*v + 6*v. Suppose v = 2*f - 2 - 6. Give w(f).
3
Let s(g) = -g**3 + 4*g**2 - 4*g + 2. Suppose -4*z - 48 = -0*z. Let i be (9/z)/(3/(-12)). Calculate s(i).
-1
Let b(c) = 5*c + 2. Let r(z) = -9*z - 4. Suppose -10*q - 18 = -7*q. Let i(p) = q*r(p) - 11*b(p). What is i(5)?
-3
Let o(i) = 2*i**2 + 27*i + 16. Let k be o(-13). Let w(q) = -q**2 + 3*q. What is w(k)?
0
Let r(p) = -p**2 - 10*p + 5. Let n be r(-10). Suppose 4*b = n*b - 6. Let d(f) = -f + 6. Let j be d(b). Let y(z) = z + 3. What is y(j)?
3
Let v(m) = -m**3 + 3. Suppose -d + 20 = 4*d + q, -4*q - 25 = -d. Suppose -4*u = 4*c - 16, -4*c + d*u = -3*c + 20. Give v(c).
3
Let t = -44 + 44. Let d(h) = -h. Calculate d(t).
0
Suppose -5*g = 5*r, 0 = -5*g - 4*r - 1. Let l(v) = 15*v + 1. Give l(g).
-14
Let k(c) = -c**2 + c - 4. Let w(q) = -6*q**2 + 5*q - 19. Let y(z) = -11*k(z) + 2*w(z). Give y(0).
6
Let l(a) = -3*a + 1. Let z(v) be the third derivative of v**4/2 - 2*v**3/3 - 5*v**2. Let g(s) = 9*l(s) + 2*z(s). Suppose p + 8 = 5*p. Calculate g(p).
-5
Let b(m) be the first derivative of m**4/12 + m**3/6 - 3*m**2 - 5*m + 1. Let y(r) be the first derivative of b(r). Calculate y(0).
-6
Let a = -5 + 7. Let f(n) = -3*n**2 + 4*n - 2. Determine f(a).
-6
Let n(g) be the second derivative of -g**6/720 - g**5/24 - g**4/6 + g. Let d(s) be the third derivative of n(s). Let l be d(-6). Let a(p) = 6*p - 1. Give a(l).
5
Let u be (-8)/(-20) + 2/(-5). Let n(z) be the second derivative of -z**5/20 + 3*z**2/2 - 5*z. Let x be n(u). Let i(f) = 2*f - 3. What is i(x)?
3
Suppose 3*s + 18 - 3 = 0. Let m(u) = -u**3 - 4*u**2 + 6*u - 7. What is m(s)?
-12
Let x(p) = 4*p - 8. Let q be x(8). Suppose -i = u - 3*i - 1, i = -3*u + q. Let n(v) = 13*v - 3. Let d(l) = -9*l + 2. Let t(o) = u*d(o) + 5*n(o). What is t(-1)?
-3
Let s(m) be the third derivative of m**7/840 - m**6/72 + m**5/30 + m**4/6 - m**3/2 + 3*m**2. Let x(l) be the first derivative of s(l). Determine x(4).
4
Let k(f) = 8*f**3 - f. Suppose -5*w = -s + 26, -2*s - 4*w - 23 = -5*s. Determine k(s).
7
Suppose -3*y + 3 = 33. Let n(b) = -b - 13. Determine n(y).
-3
Let t(a) = 5*a**2. Let m be 2*3*(-39)/(-9). Suppose 3*r - 11 = -4*o, 5*r - 5*o - m = -4*o. Suppose r*x - 13 = 4*x + 3*u, 3*x = 5*u + 23. Calculate t(x).
5
Let n(i) be the third derivative of -i**6/120 - i**5/20 + i**4/6 + i**3/2 - 3*i**2. Let s(p) = -4*p**3 + p**2. Let d be s(1). Determine n(d).
-9
Let u(l) be the first derivative of -4*l**2 - l + 2. What is u(-1)?
7
Let o be 130/(-35) - 6/21. Let f(y) = y**3 + 4*y**2 + 2*y + 5. What is f(o)?
-3
Let u(k) = -k**2 + 3. Suppose -2*z = 2*i - 10 + 2, 5*z + 4 = 3*i. Give u(i).
-6
Let w(v) = -4*v**3 + v**2 + v. Let g(c) = c**3 - 8*c**2 - 9*c + 13. Let s be g(9). Suppose -6*f - 4*x = -f + s, 3*f = -5*x - 13. What is w(f)?
4
Let x(s) = -s**2 - 1 - s**3 + 5*s**2 + 0 - 4 + 5*s. Give x(5).
-5
Let z(u) = -u + 1. Let p(g) = -5*g + 8. Let v(d) = -p(d) + 6*z(d). Let k be v(-5). Let w(r) = 76*r + 0*r**2 - 81*r + 2 + r**2. Determine w(k).
-4
Let l(k) = 3*k - 9. Let v be ((-24)/60)/(((-2)/(-15))/(-2)). What is l(v)?
9
Let j(o) = o**3 + 2*o**2 - 3*o + 2. Let h(n) = n + 7. Let a be h(-6). Let k = a + -4. Give j(k).
2
Let d(a) be the second derivative of a**2 - 1/20*a**5 + 2*a + 1/4*a**4 + 0 + 2/3*a**3. Determine d(4).
2
Let u(c) = -5*c**2 + c**2 + 2*c**2 - 10. Let p(s) = s**2 + 7. Let y(n) = 7*p(n) + 5*u(n). Determine y(1).
-4
Let s be (-2)/4*0 - 4. Let w(o) = -o**3 + o**2 + 9*o + 4. Let t(j) = -j**3 + 8*j + 3. Let p(m) = 4*t(m) - 3*w(m). Give p(s).
-4
Let k(o) = -5*o - 3. Let g = -1 + 2. Let y be (-4)/(-6)*g*-3. Calculate k(y).
7
Let r(k) = -2*k - k**2 + k - k. What is r(-4)?
-8
Let q = 85 + -90. Let c(k) = -3*k**2 + 3*k - 7. Let z(u) = -u**2. Suppose -4*t + 4 = 5*x, 8*x - 3*x + 5 = 5*t. Let m(f) = t*c(f) - 4*z(f). Calculate m(q).
3
Let c be ((-3)/1)/(-3) + -4. Let h(p) = 2*p**2 + p - 2. Let d(t) = -3*t**2 - t + 3. Let q(u) = -4*d(u) - 7*h(u). What is q(c)?
-7
Suppose j - 5 = -1. Suppose -9 = -3*h, -j*t + 5*h = -14 + 45. Let n(x) be the third derivative of -x**5/60 - x**4/6 - x**3 - x**2. Give n(t).
-6
Let t(a) be the third derivative of -a**6/120 - a**5/15 + a**4/24 + a**3/3 - a**2. Let b be t(-4). Let l(c) = 2 + 1 - 6 - 2*c. Give l(b).
1
Let g(p) = -8*p**2 + 3*p - 1. Let w(t) = -t. Let v(a) = -g(a) - 4*w(a). Suppose -h + 2*h + 1 = 0. Calculate v(h).
8
Let p(j) = -8*j - 2 + j + 8*j. Calculate p(-4).
-6
Let w = -53 - -53. Let y(x) be the second derivative of x**2 - 1/4*x**4 - 3*x + 1/3*x**3 + w. Determine y(2).
-6
Let h(i) = i - 2. Let u be h(-4). Let o be ((-2)/2)/(1/u). Let y(b) = 0 + 0*b**2 + 1 + o*b**2. What is y(-1)?
7
Let w(o) = -o**2 + 2*o - 1. Let h = -3 - -4. Suppose 2*p = h + 3. Let b = p - -2. Calculate w(b).
-9
Let b(x) = 1. Let o(f) = f**2 + 13*f + 9. Let q(k) = -2*b(k) + o(k). What is q(-13)?
7
Let l(f) = 4 - 29*f**2 + f**3 + 5*f + 36*f**2 + 4 - 2*f. Give l(-7).
-13
Let g be 1/((-1)/(-4))*-1. Let m = 8 + g. Let h be m/(4/2 + -1). Let d(p) = -p**3 + 4*p**2 + 3*p - 3. What is d(h)?
9
Let z(f) = -2*f**3 + 10*f**2 + 11*f + 6. Let r(v) = 5*v**3 - 29*v**2 - 32*v - 19. Let t(h) = -3*r(h) - 8*z(h). Give t(-6).
-3
Let q(r) = -r**2 + 5*r + 7. Let v = 84 + -48. Suppose -12 = 3*n, -2*n - n - v = -4*i. Calculate q(i).
1
Let o = -17 - -21. Suppose -y + o = 3*y. Let r(x) = -5*x**3 + x. Give r(y).
-4
Suppose 0 = -2*t + 7*t - 60. Let k = t + -7. Let i(v) = -2*v + 3. Calculate i(k).
-7
Let t be (0 + 3 - -2) + -3. Let c be -3*t*-1 + 2. Suppose -4*r - 2*l + c = 26, 0 = -2*l - 2. Let s(z) = -z**2 - 3*z + 3. What is s(r)?
-1
Let s(o) = -4*o + 4. Let c(m) = m**2 - 1. Let f be c(2). Give s(f).
-8
Let b(s) = s**3 - 2*s**2 - s. Let g be (-8)/12 + 22/6. Let z be b(g). Let p(y) = z*y - 5*y - 4*y. What is p(2)?
-6
Let k(q) = -2*q**2 + 10*q - 6. Let w be 3/(-3)*(-1 - 1). Let h(y) = 2*y**2 - 9*y + 6. Let u(p) = w*k(p) + 3*h(p). Suppose -2 = -6*b + 22. Calculate u(b).
10
Suppose -5*u - 13 = k, 5*k = u + 3*u - 7. Let p = k + 4. Let n(m) = 3*m**2 + 2*m - 1. Determine n(p).
4
Suppose -4 = -8*m + 4. Let u(z) = -4*z + 1. Calculate u(m).
-3
Suppose -2*l + l = -k - 4, 0 = 5*l - 3*k - 12. Let f(i) be the second derivative of -2*i**2 - 3*i + 0 - 1/6*i**3. What is f(l)?
-4
Let t(q) be the third derivative of q**6/360 - q**5/24 - q**4/24 + q**3/2 + q**2. Let g(n) be the first derivative of t(n). What is g(4)?
-5
Let x(q) = -1 + 1 + 32*q - 29*q + 1. Determine x(-2).
-5
Let v(b) = b**3 + 4*b**2 - 5*b + 7. Let m(n) = -n**3 + 12*n**2 + 15*n - 31. Let k be m(13). What is v(k)?
7
Let u(q) = -4*q**2 - 2*q + 2. Let k(n) = n**3 + n**2 - 3*n - 2. Let d be k(-2). Suppose d = -3*x + 7*x. Suppose 4 = -2*z - x*z. Determine u(z).
-10
Suppose 0 = 2*s - 4*i + 22, -s - 5*i + 3 + 7 = 0. Let r(o) = o**2 + 4*o + 3. Give r(s).
8
Let n(b) = b**2 + 7*b + 9. Let f be n(-6). Let y = 4 + -1. Suppose -p - f*d = -0*p, y*d = 2*p. Let s(c) = c - 7. Calculate s(p).
-7
Let h(c) be the first derivative of -c**2/2 - 2*c - 20. Determine h(-3).
1
Suppose 0 = -6*x + 8*x + 4. Let y = x + -2. Let c(k) = -k**2 - 6*k - 1. Calculate c(y).
7
Let g(f) = -4*f - 6. Let s = -25 + 16. Let y(n) = -n**2 - 9*n - 4. Let b be y(s). Calculate g(b).
10
Let z(s) = 6. Let v(h) = -h - 11. Let u(x)